**3/3 - 4*q**2 + 9*q + 30. What is f(4)?
-7
Let n(d) be the third derivative of -d**4/8 - 7*d**3/6 - 13*d**2 + 4*d. Give n(-5).
8
Let x(c) = -7*c + 23. Let z be x(-18). Let l(j) = 10*j + 74 + 74 - z. What is l(-1)?
-11
Let r(z) = -z**2 + 8*z - 6. Suppose 6 + 2 = 4*j. Suppose -j*p + 8*p = 0. Suppose 5*v + d - 11 - 21 = p, 2*v - 4 = 4*d. Give r(v).
6
Let p(z) = -6*z**2 + z. Let y(i) = -i**2 + 5*i - 4. Let c be y(4). Let w be ((-4)/6 - c)*-3. Let j be w/(-8)*(-2 - 2). What is p(j)?
-5
Let y(s) = s**2 - 7*s + 4. Let d(h) = -h**3 - h**2 + 4*h + 3. Let j be d(-3). Let l = -15 - -15. Suppose l = 7*r - j*r + 14. Give y(r).
4
Suppose -2*p + 10 = 2*c, 0 = -5*c + 2 + 3. Suppose 3 = -n + p. Let k(a) = -a**3 + a**2 - 1. Let r be k(n). Let l(d) = -9*d**3 + 2*d**2 + d. Give l(r).
10
Let z = 35 + -44. Let c(f) = -3*f - 31. Let d be c(z). Let b(v) = v**2 + 4*v - 3. What is b(d)?
-3
Let z(j) = 28*j**3 + 2*j**2 - 77*j**3 + 23*j**3 - 5*j + 27*j**3 - 4. Determine z(-3).
2
Let n(r) = 8*r**3 + 10*r**2 - 6*r + 12. Let j(o) = 7*o**3 + 9*o**2 - 6*o + 11. Let f(c) = 7*j(c) - 6*n(c). Determine f(-5).
-15
Let w(i) be the second derivative of i**6/72 - i**5/60 - i**4/24 - 2*i**3/3 + 40*i. Let r(c) be the second derivative of w(c). What is r(2)?
15
Let j(b) = b**3 - 5*b**2 + 2*b - 7. Let k be (28*1)/(1 - (5 - 6)). Suppose -9*d + k*d = 25. Determine j(d).
3
Suppose -11*k + 16*k - 105 = 0. Suppose q - 8*q = -k. Let a(s) = -s**2 - s + 2. What is a(q)?
-10
Let j(k) = -5*k + 2. Let o(b) = -b**3 + 5*b**2 + 5*b - 7. Let t be o(6). Let p(i) = -2*i + 1. Let s(w) = t*p(w) + 6*j(w). Give s(-1).
3
Let n(i) = i**2 + 4*i + 6. Let b be n(-7). Let h = -29 + b. Let j(z) = -z**3 + z**2 + 3*z + 1. Determine j(h).
7
Let c be (2 - 2)*(-7)/21*3. Let w(i) = -7*i**2 - 3*i - 3. Suppose 0 = -3*d - d + 12. Let f(o) = 4*o**2 + 2*o + 1. Let g(b) = d*w(b) + 5*f(b). Determine g(c).
-4
Let w(u) = -17 + 38 - 26 - 3*u - 19. Calculate w(-16).
24
Let f(y) be the third derivative of -y**8/20160 - y**7/5040 + y**6/720 - 29*y**5/60 - 38*y**2. Let x(g) be the third derivative of f(g). Give x(-2).
-1
Let l(o) be the third derivative of -o**6/120 + o**5/5 + 7*o**4/12 - 5*o**3/3 + 34*o**2 - 2. What is l(13)?
3
Suppose -m - 6 = -4*m. Suppose -m*f + 13 = 1. Let y = -3 + f. Let i(v) = v**2 - 4*v + 3. What is i(y)?
0
Let x = -79 - -85. Let z(v) = -8 + 2*v**2 + 8*v**2 - x*v**2 + 8*v - 5*v**2. Suppose 0*r + 2*h - 1 = r, 6 = 2*r - 2*h. Calculate z(r).
-1
Let l(s) = -s**2 + s - 1. Let f be 6/(-5)*60/9. Let v(x) = x - 7. Let j be v(-9). Let g be (-10)/f - (-4)/j. Calculate l(g).
-1
Let f(h) = 19*h**2. Let j be (68/20 - 3)*10/4. Calculate f(j).
19
Let r = 7 - 4. Let f(s) = 2 - 2*s - 11*s**r + 10*s**3 + 0*s - 5*s**2. Suppose -5*c - 26 = -3*m - 7, 0 = -4*m + 12. Determine f(c).
-6
Let l(o) be the second derivative of o**4/4 - o**3/6 + o**2/2 - 2*o - 7. Suppose 0 = -4*a - 5*p - 0*p + 7, -2*a = -p - 7. Give l(a).
25
Let b(m) = -m**2 + 2*m + 1. Suppose 0*j + 5*j - 20 = 0. Let w be b(j). Let u = -3 - w. Let d(q) = q**3 - 3*q**2 - 4*q. What is d(u)?
0
Suppose -6 = -4*z - 3*j + 2, 4*j = 2*z - 26. Suppose 4*i - z*f = -26 - 2, 0 = i + 3*f + 7. Let h(t) = t**3 + 6*t**2 - 6*t + 5. Give h(i).
-2
Suppose 2*x + 5*a - 18 = 13, 33 = 3*x + 3*a. Let m(t) = t**2 - 12*t + 25. Calculate m(x).
-7
Let n(i) = 6*i - 1. Let v = -57 + 58. Determine n(v).
5
Let m(c) = -17*c - 477. Let n be m(-28). Let u(z) be the third derivative of 0*z**3 + 2*z**2 + 0 - 1/8*z**4 + 0*z. Give u(n).
3
Let c = -187 + 173. Let r(z) = -z**3 - 14*z**2 - z - 3. Calculate r(c).
11
Let c be 144/16*(-1 - (0 - 0)). Let p(y) = y**2 + 10*y. Calculate p(c).
-9
Let r(h) = -2*h + 4*h**2 - 4*h + 5*h - 6 + 3*h - h. Determine r(2).
12
Let c = -23 + 61. Let s(t) = 0*t**3 - c - t**3 + 5*t**2 + 34. What is s(4)?
12
Let a(k) = 4*k + 3. Suppose 23*b - 13*b + 20 = 0. What is a(b)?
-5
Suppose 0 = g - 3, 3*k - 10 = g - 1. Let t(b) = -b**3 + 3*b**2 + 9*b - 14. What is t(k)?
6
Let n(u) = u + 3. Let o be (-33)/15 + 1/5. Let c = o - -4. Suppose 4 = -x - c. What is n(x)?
-3
Let p(w) = -w. Let t(l) = 4*l - 5. Let o(z) = -3*p(z) - t(z). Let d = -3172 + 3180. Determine o(d).
-3
Let p(u) = 0*u - 3*u - 26 - 3*u**2 - 25 + 60. Let m(r) = -r**2 + r + 2. Let a(k) = -2*m(k) + p(k). Let d be -1*(6 - -1) - -1. Calculate a(d).
-1
Suppose -9*m + 21 = 68 + 7. Let s(d) = -3*d**3 - 3*d**2 + 9*d + 6. Let q(a) = 16*a**3 + 14*a**2 - 46*a - 30. Let l(r) = 2*q(r) + 11*s(r). What is l(m)?
0
Let a(n) = -n**2 - 7*n - 6. Suppose 0 = -31*o + 35*o - 16. Suppose o*x = 48 - 68. Calculate a(x).
4
Let f(g) be the first derivative of g**3/3 + g**2 + 4*g - 2. Suppose -2*s = -3*h - 4, -2*h - 5 = 2*s + 11. What is f(h)?
12
Let o(m) = m**3 - m**2 - m - 2. Let z(d) = 11*d**2 + 15*d - 9*d**2 + 7 - 13. Let u be z(-8). Give o(u).
0
Let x(b) = 2*b + 11. Suppose 2*q + 4*o = 32 - 14, -3 = -3*o. Let p(d) = d + 5. Let y(i) = q*p(i) - 3*x(i). Give y(-5).
-3
Let b(j) = -j**3 - 3*j**2 - j. Suppose -23*q + 17 = -26*q + 2*i, -4*i + 22 = -2*q. Calculate b(q).
3
Let i(t) be the second derivative of -t**5/60 + t**4/4 + t**3 - 43*t**2/2 - 25*t. Let w(u) be the first derivative of i(u). Give w(6).
6
Let m(f) = 9*f + 197. Let r be m(-22). Let y(g) = -4*g + 1. Determine y(r).
5
Let h(f) = 2*f**3 - 15*f**2 - 7*f - 13. Suppose -48 = -4*p - 4*x, 7 = 3*p + x - 21. Calculate h(p).
-5
Let w be -1*1/(-5) + 88/10. Let d(u) = -2*u. Give d(w).
-18
Let g(x) = x**3 + 5*x**2 + 4*x. Let r be (0/(6 + -4))/3. Suppose -2*k + 6*k + h = -7, r = -5*k + 2*h - 25. Calculate g(k).
6
Let n(m) be the third derivative of -m**4/3 - 10*m**2 - 7. Let y be (-6)/(-2)*(-6)/9. Give n(y).
16
Let s(a) = 3*a - 4*a + 2*a + 9. Let w be s(-6). Let g(y) = -2*y + y + w - 4 + 10*y. Calculate g(1).
8
Let u(b) = -b**2 + b + 2. Let j be u(3). Let y be (0 - 2*2/j)*1. Let f(p) be the first derivative of -9*p**2/2 - 1. Give f(y).
-9
Suppose 0 = -0*l - 5*l - l. Suppose 2*f = -b - 1 + 3, 3*f + 4*b + 7 = l. Let q(u) = -u**2 + 3*u. What is q(f)?
0
Let i be 2/((-88)/(-20) + -4). Suppose 2*a = -i*m + 25, 2*a = -m + 2*m + 7. Let u(w) = -w**2 + 0*w - w**3 + 2 - 4*w + 6*w**2. What is u(m)?
8
Let p be (-4)/(-3)*1*-3. Let c(r) = 20*r - 13*r + r**2 - 8*r - 2*r**2. Calculate c(p).
-12
Let y(u) = -4*u**2 + 6*u. Let z = -4 - -8. What is y(z)?
-40
Let w = 17 + -16. Let p be w/((-4 + 6)/2). Let l(f) = 6*f**3 - f**2 + 2*f - 1. Give l(p).
6
Let k(c) be the first derivative of 13*c**2 - 164. Give k(1).
26
Let y be 58/14 - 2/14. Suppose y = -n + 8. Let x(t) = -t. Let d(m) = 7*m + 3. Let p(k) = d(k) + 6*x(k). Give p(n).
7
Let w be -1 - ((-32)/1 - -1). Suppose -9*k = -4*k + w. Let o(y) be the third derivative of -y**6/120 - 7*y**5/60 - 5*y**4/24 + 14*y**2. Determine o(k).
-6
Let t(d) = -8*d + 2. Suppose 5*h + 4*c - 8*c = 24, 2*h + 5*c = 3. What is t(h)?
-30
Let z(v) be the second derivative of -1/20*v**5 - 5*v**2 + 0 + 1/6*v**3 + 29*v + 1/12*v**4. Give z(0).
-10
Suppose -4*o + 7 = -1. Let p(g) = 8 + 32*g**2 - 39*g**o + 0*g + 2*g - g**3. What is p(-7)?
-6
Let x(p) be the first derivative of -p**4/4 + 10*p**3/3 + 11*p**2/2 - 12*p - 468. Calculate x(11).
-12
Let m(b) = 4*b - 2. Let u(g) = 3*g - 3. Let r(q) = -2*m(q) + 3*u(q). Suppose 2*h - 1 = 3*h + f, -4*f - 4 = 2*h. Suppose y + 7*y = h. Determine r(y).
-5
Let i(j) be the third derivative of -j**5/30 + j**4/12 + 4*j**2 + 5*j. Give i(2).
-4
Let l(h) be the third derivative of -9*h**2 + 0*h**3 + 0*h + 0 + 1/60*h**5 - 1/4*h**4. Determine l(7).
7
Let m(d) be the first derivative of d**5/20 - d**4/4 - d**3/3 - 3*d**2/2 - 29*d + 13. Let t(f) be the first derivative of m(f). Calculate t(4).
5
Let s(k) = 20*k + 6. Let y(d) = -7*d**3 + 2*d**2 - 2*d + 1. Let c be y(1). Let j(z) = 7*z + 3 - 6 + 5. Let g(r) = c*s(r) + 17*j(r). What is g(-5)?
3
Suppose -24 = 3*i - 18. Let k be -1*(i + -2)/4. Let u(t) = -20*t**2 + 13*t - 9. Let z(s) = -5*s**2 + 3*s - 2. Let n(q) = -2*u(q) + 9*z(q). Give n(k).
-4
Let w(a) = -a**2 - 4*a + 5. Let c = 17 + -21. Let d be (-20)/((c/(-1))/4). Let n = d - -15. Calculate w(n).
0
Let p(o) be the first derivative of o**2/2 + 20*o - 48. What is p(-10)?
10
Suppose 4*m + 32 = -24. Let s = m + 16. Suppose 5*f = -2*h - 2*h + 13, 4*f - s = h. Let d(j) = 8*j**3 - j**2 - j + 1. Determine d(f).
7
Suppose p = -c + 8, -c - 2*p + 4 = -7. Suppose -5*o = z - 23, c*o + 15 = 8*o + z